alculate the highest common divisor of 273537 and 2970.
297
What is the highest common divisor of 169452 and 972?
324
Calculate the highest common divisor of 95 and 161348.
19
Calculate the highest common divisor of 6495 and 255.
15
Calculate the greatest common factor of 420 and 244944.
84
Calculate the greatest common divisor of 256 and 484.
4
Calculate the greatest common factor of 396 and 242.
22
What is the greatest common divisor of 16743 and 3?
3
What is the highest common divisor of 2154 and 2153282?
718
What is the greatest common factor of 153027 and 1764?
441
Calculate the greatest common factor of 878976 and 4536.
504
What is the greatest common factor of 152 and 44728?
8
Calculate the highest common factor of 48 and 307236.
12
Calculate the highest common factor of 212280 and 15.
15
What is the greatest common divisor of 784 and 1003632?
112
Calculate the greatest common divisor of 95160 and 18460.
260
Calculate the greatest common divisor of 18573 and 453.
453
What is the greatest common divisor of 221 and 20927?
17
Calculate the highest common divisor of 305 and 496235.
305
What is the highest common divisor of 20025 and 13617?
801
Calculate the greatest common factor of 4760 and 640696.
952
Calculate the greatest common divisor of 320 and 1562720.
160
What is the greatest common factor of 1507 and 10153?
11
What is the greatest common factor of 4524 and 2457?
39
Calculate the greatest common factor of 901640 and 160.
40
Calculate the highest common divisor of 100 and 2032700.
100
What is the greatest common factor of 3451 and 51289?
119
Calculate the highest common divisor of 626 and 973117.
313
Calculate the greatest common divisor of 1946 and 10430.
14
What is the greatest common factor of 595 and 305795?
35
Calculate the greatest common factor of 41 and 975841.
41
Calculate the greatest common divisor of 259299 and 94.
47
Calculate the highest common divisor of 61359 and 77631.
339
What is the highest common factor of 2842 and 269178?
406
Calculate the highest common factor of 2389 and 2.
1
What is the highest common factor of 51 and 1798736?
17
Calculate the greatest common divisor of 259288 and 40.
8
Calculate the highest common divisor of 33 and 204226.
11
What is the greatest common divisor of 290 and 13746?
58
Calculate the greatest common factor of 864 and 7648.
32
What is the highest common divisor of 640 and 16560?
80
Calculate the highest common factor of 384 and 55488.
192
Calculate the greatest common divisor of 1394 and 902.
82
Calculate the highest common factor of 624 and 65.
13
Calculate the greatest common divisor of 300 and 42450.
150
What is the highest common factor of 24 and 5391?
3
Calculate the greatest common factor of 16 and 1526568.
8
Calculate the greatest common factor of 680 and 8020.
20
What is the greatest common divisor of 275 and 262669?
11
What is the highest common divisor of 235252 and 1713?
571
What is the highest common factor of 9744 and 2100?
84
What is the highest common factor of 266 and 64904?
266
What is the greatest common divisor of 3315 and 20475?
195
What is the highest common factor of 247 and 20007?
247
What is the greatest common divisor of 45111 and 165?
33
What is the highest common factor of 8780 and 2?
2
What is the highest common divisor of 6021247 and 51?
17
What is the greatest common divisor of 509 and 1240433?
509
What is the greatest common factor of 1803589 and 4193?
599
Calculate the highest common factor of 132689 and 2.
1
Calculate the highest common factor of 103 and 8172947.
103
Calculate the highest common divisor of 1827 and 4245339.
609
Calculate the greatest common divisor of 8217 and 54531.
747
Calculate the highest common factor of 85007 and 507.
169
Calculate the greatest common factor of 15 and 351405.
15
What is the greatest common divisor of 4841 and 940?
47
Calculate the highest common divisor of 102 and 53006.
34
What is the highest common factor of 2181608 and 44?
44
What is the highest common divisor of 30 and 3910722?
6
What is the greatest common divisor of 14 and 3377654?
14
What is the greatest common divisor of 1915200 and 150?
150
Calculate the greatest common divisor of 76 and 180291.
19
What is the greatest common divisor of 36 and 10098?
18
Calculate the greatest common divisor of 162 and 186786.
162
Calculate the greatest common factor of 5 and 13710.
5
What is the greatest common divisor of 102088 and 32?
8
Calculate the greatest common factor of 835 and 970.
5
Calculate the greatest common divisor of 32724 and 5508.
324
Calculate the highest common factor of 74676 and 24.
12
Calculate the greatest common factor of 100 and 4160.
20
What is the highest common factor of 37753 and 38?
19
Calculate the highest common divisor of 2655 and 346625.
295
What is the greatest common factor of 169 and 1248?
13
Calculate the highest common divisor of 57519 and 567.
63
What is the greatest common divisor of 429096 and 912?
456
Calculate the greatest common factor of 14 and 7673239.
7
What is the highest common factor of 7241 and 3991?
13
Calculate the highest common factor of 200 and 13975.
25
Calculate the highest common factor of 780759 and 119.
119
Calculate the highest common divisor of 43901 and 2145.
143
Calculate the highest common divisor of 7 and 102962.
1
Calculate the greatest common divisor of 21567 and 11193.
273
Calculate the highest common divisor of 1845635 and 253.
253
What is the highest common divisor of 123241 and 251?
251
Calculate the greatest common factor of 952 and 9926.
14
What is the highest common divisor of 99900 and 10989?
999
Calculate the greatest common divisor of 399 and 5168.
19
What is the highest common factor of 334 and 3226774?
334
What is the greatest common factor of 925704 and 104?
104
Calculate the highest common divisor of 38597 and 52.
13
Calculate the highest common divisor of 858 and 30558.
66
Calculate the greatest common divisor of 296 and 193732.
148
Calculate the greatest common factor of 1060198 and 148.
74
Calculate the greatest common factor of 2408 and 273136.
344
Calculate the greatest common factor of 459 and 245403.
27
Calculate the greatest common factor of 68733 and 63.
63
Calculate the highest common divisor of 3171730 and 290.
290
What is the greatest common factor of 152026 and 322?
14
What is the greatest common factor of 4248 and 327?
3
What is the greatest common factor of 143562 and 994?
142
Calculate the highest common factor of 11068 and 12.
4
Calculate the highest common divisor of 11610 and 1890.
270
What is the highest common divisor of 966 and 26726?
322
What is the greatest common factor of 145805 and 968?
121
What is the highest common factor of 11647 and 703?
19
Calculate the greatest common divisor of 95 and 67298.
19
What is the highest common factor of 896644 and 3472?
868
What is the highest common factor of 89658 and 153?
153
What is the greatest common divisor of 2450282 and 46?
46
Calculate the highest common factor of 3 and 113517.
3
Calculate the highest common divisor of 535568 and 43384.
1496
What is the greatest common factor of 3127 and 159?
53
What is the greatest common factor of 701505 and 3825?
765
What is the highest common divisor of 2408 and 16?
8
Calculate the highest common factor of 6423 and 213.
3
What is the greatest common factor of 15920 and 656?
16
What is the highest common divisor of 1272 and 32754?
318
What is the highest common factor of 13 and 127439?
13
Calculate the greatest common factor of 56 and 252728.
56
Calculate the highest common factor of 2067 and 1053.
39
Calculate the greatest common factor of 785120 and 20.
20
Calculate the greatest common divisor of 15499 and 99.
11
Calculate the greatest common divisor of 35005 and 30.
5
What is the greatest common divisor of 424 and 5777?
53
Calculate the highest common factor of 1595 and 16433285.
1595
What is the highest common divisor of 289731 and 782?
391
Calculate the highest common divisor of 3618 and 1125.
9
What is the highest common factor of 3656 and 22104?
8
What is the highest common divisor of 53592 and 528?
264
Calculate the highest common divisor of 1073680 and 220.
20
Calculate the greatest common factor of 2028 and 282737.
169
Calculate the highest common divisor of 231